4 = 6. Let y(p) = q - 1167*p**2 + 1168*p**2 + 14*p + 2. What is y(-11)?
-23
Let d(c) = -2*c - 47. Let m = 3426 - 3440. Calculate d(m).
-19
Let f(p) = -3*p + 27. Let d(q) = q**2 - 25*q - 1814. Let i be d(-32). Calculate f(i).
-3
Let a(h) = h**3 - 23*h**2 + 39*h + 62. Suppose 8*d - 210 = 5*d - 7*d. Determine a(d).
-1
Let x(j) = 5*j**2 + j. Let t = -200 - -229. Suppose -t*f - 4 = 25. What is x(f)?
4
Let g = 949 + -409. Let r be ((-16)/(-10))/2 + g/(-50). Let o = r - -8. Let d(w) = w**2 - 1. What is d(o)?
3
Let p(j) = -2*j - 2. Suppose -287 + 317 = -5*v. Let a(i) = -1. Let b(z) = v*a(z) - 2*p(z). Give b(-4).
-6
Let s = 58 + -34. Suppose -k = -0 - s. Suppose -4*m - 2*m - k = 0. Let h(f) = -2*f**2 - 4*f + 1. Give h(m).
-15
Let p(s) = s - 25. Let f be p(26). Let n(x) = 3*x**3 - x**2 - x + 2. Let v be n(f). Let q be 0/(5 - (6 - v)) + -2. Let o(j) = 2*j**2 + 4*j + 2. Calculate o(q).
2
Let j = -34 + 96. Let s = 65 - j. Let k(m) = 4*m + s*m - 4*m - 4*m. What is k(7)?
-7
Let p(l) be the third derivative of -l**8/448 + l**6/720 - l**4/24 - 43*l**3/6 + l**2 - 27*l. Let j(k) be the second derivative of p(k). What is j(-1)?
14
Let j(z) be the first derivative of -z**3/3 + 13*z**2/2 + 26*z - 2731. What is j(19)?
-88
Let a(k) be the third derivative of k**4/6 + 21*k**3/2 - 6*k**2 - k. Let r be a(-16). Let j(g) = -7*g - 1. What is j(r)?
6
Let m = -1581 + 1572. Let z(w) = -w**2 - 12*w + 4. Give z(m).
31
Let i(k) = k**3 + 23*k**2 + 25*k - 14. Let s be (-675)/63 + 11 + 2 + (-850)/35. Calculate i(s).
-80
Let m(f) be the third derivative of -1 - f**2 + 1/4*f**4 - 1/120*f**6 + 0*f - 1/15*f**5 + 1/2*f**3. Let g = -7 + 2. Give m(g).
-2
Suppose 1256179*r - 456 = 1256407*r. Let o(s) be the first derivative of -s**3 + s**2 - s + 1. What is o(r)?
-17
Let r(u) be the first derivative of u**5/60 + 11*u**4/24 - 23*u**3/6 + u**2/2 + u + 147. Let f(p) be the second derivative of r(p). Determine f(-13).
3
Let r(n) = -n + 2. Suppose -6*a + 15 = 105. Let i be ((-36)/45)/((-6)/a). Calculate r(i).
4
Let r(f) = 4*f + 24. Let v be -18 + 0 + -288 + 311. Calculate r(v).
44
Let p(f) = 0*f**3 + 8*f + 2 + 24*f**3 - 23*f**3 - 11*f**2 + f. Let d(s) = s + 1. Let v be d(9). Determine p(v).
-8
Suppose 1251*o - 5*d = 1256*o - 105, -o + d + 21 = 0. Let c(n) = 2*n**3 - 41*n**2 - 20*n - 36. What is c(o)?
-15
Let p(q) be the first derivative of -16 + 15/4*q**4 - 2/3*q**3 + 5/2*q**2 - 4*q. Let w(r) = -r**3 - r + 1. Let a(z) = p(z) + 3*w(z). What is a(1)?
11
Let s(n) be the second derivative of n**4/6 - 11*n**3/6 - 19*n**2/2 - 1461*n. Determine s(7).
2
Let s(j) = j - 1. Let k be (4/(-6)*-3)/((-32)/16). Let t be ((-168)/(-14))/((k - 1)*-1). Calculate s(t).
5
Let s(h) = 26*h - 20. Suppose -17 - 10 = -3*r. Let g(m) = 6*m - 5. Suppose -8*j + 12*j + 12 = -2*z, -j = -z. Let i(d) = j*s(d) + r*g(d). Calculate i(6).
7
Let r(c) = -c**3 - 8*c**2 + c + 11. Let j be 50 - ((-9)/(-3) - 4). Suppose 44*a - 56 = j*a. Give r(a).
3
Let w(z) be the third derivative of -z**6/360 + 11*z**4/12 - 17*z**3/3 + 21*z**2. Let t(s) be the first derivative of w(s). Suppose -8*x = -7*x. Calculate t(x).
22
Let j(h) = h + 101. Suppose 0 = -22*g + 42*g - 21*g - 30. What is j(g)?
71
Let l(j) = -50*j + 23. Let b(i) = 46*i - 20. Let h(p) = 14*b(p) + 13*l(p). Give h(8).
-29
Let g(n) = -n**2 + n + 33. Suppose -28*x + 35 = -35*x. Determine g(x).
3
Let x(k) = -k**3 + 21*k**2 - 22*k + 11. Let y(i) = 105*i + 2435. Let z be y(-23). Determine x(z).
-29
Let s(u) = -38*u - 4. Let i be ((-19)/(-95))/(1/15). Let x(g) = -44*g - 5. Let k(a) = i*x(a) - 4*s(a). What is k(1)?
21
Suppose -1656*t + 1635*t = 147. Let c(u) = -u**3 - 8*u**2 + 2*u - 9. Give c(t).
-72
Suppose -o = -583 - 427. Let i(k) = -13*k + 998 + 14*k - o. Give i(5).
-7
Let r(w) = 2*w**3 + 72*w**3 + 2*w - 40*w**3 - 33*w**3. Suppose -4*a = -2*a - 6. Suppose l + 3 = -5*t, -a*l - 2*t - 2 = -6. Determine r(l).
12
Let b(o) = 4*o**2 + 2*o - 3*o**2 - 25 + 59 - 32 - 15. Determine b(3).
2
Let f(t) = 3 + 1 + 4626*t - 4615*t. What is f(2)?
26
Let b(q) = -7*q**3 + 38*q**2 + 3*q + 14. Let d(z) = 13*z**3 - 70*z**2 - 7*z - 26. Let f(o) = 11*b(o) + 6*d(o). What is f(4)?
-6
Let f(b) = 5 - 4*b**2 + 7*b - 1 + 3*b**2. Let o = 226 + -199. Suppose 0 = 3*p - 3*w - o, 3*w - 8 = 2*p - 4*p. Give f(p).
4
Suppose 146 - 50 = 32*w. Suppose -4*t - 12 = h + 14, 4*h - w*t = -47. Let j(n) = -n**2 - 13*n + 13. Give j(h).
-1
Let p(l) be the second derivative of l**5/20 - 7*l**4/12 - l**3/6 - l**2 - 12*l - 100. Give p(7).
-9
Let m(k) = -7*k**3 + 5*k**2 + 4*k - 11. Let g(j) = -9*j**3 + 5*j**2 + 3*j - 16. Let u(n) = -3*g(n) + 4*m(n). Calculate u(6).
10
Suppose 4*g - z + 79 = 0, g = 2*g - 3*z + 28. Let x = -13 - g. Let h(n) = 50*n + 6 + 60*n - 224*n + 55*n + 57*n. Calculate h(x).
-6
Suppose 10 = -2*l - 2*c, 3*l - c = 7 + 2. Let d(w) = -18*w**2 + 1. Calculate d(l).
-17
Let l(t) be the second derivative of -t**5/60 - 5*t**4/12 - 4*t**3/3 - 16*t**2 - 123*t. Let h(q) be the first derivative of l(q). Give h(-8).
8
Let v(b) be the third derivative of -b**4/8 + 29*b**3/6 + 1628*b**2. Calculate v(9).
2
Let y(n) = 35*n - 5*n - 6 - 4*n - 13*n - 8*n. Calculate y(2).
4
Let j(l) = -2*l - 13. Let y(m) = 197*m - 6. Let i be y(0). Determine j(i).
-1
Let n(h) = 4*h**2 + h + 2. Let l be n(2). Let w be l/(0/(-3) + 2). Suppose 3*k + 5*m = 25, -5*m = 2*k - w*m. Let z(i) = -i + 7. Give z(k).
2
Let v(u) = 2*u + 3. Let i(q) = q + 2. Let h(w) = 3*i(w) - 2*v(w). Let f be 5/(-2)*-2*4/5. What is h(f)?
-4
Let y(o) = -14*o. Suppose -199 = 12*b - 13*b - i, 4*b - 4*i - 764 = 0. Let r = b - 196. Calculate y(r).
14
Let g(k) = 11*k - 167. Let i be g(16). Let x(s) = 9 + 16 - 29*s + 28*s - i. Let a be 3*(-2)/3 - -13. Determine x(a).
5
Suppose 2*v + 27 - 127 = 0. Let o = v - 40. Let z(f) = 13 + 2 + o - 24 + 5*f. Calculate z(-1).
-4
Let n(g) be the second derivative of -1/20*g**5 + 1/2*g**4 + 3*g + 1/6*g**3 - 38 - 2*g**2. What is n(6)?
2
Suppose -2*c - 2 - 4 = d, -2*d - 15 = c. Let m(t) be the second derivative of 9*t - 3/4*t**4 - 1/20*t**5 + 3/2*t**2 + 0 - 7/6*t**3. Give m(d).
-5
Let r(c) = -c + 4. Let n(m) = -3*m - 46. Let q(p) = 4*p + 48. Let s(k) = 6*n(k) + 5*q(k). Let t be s(16). Calculate r(t).
8
Let x = 9485 + -9485. Let o(q) be the second derivative of -1/3*q**3 - 21*q - 1/12*q**4 + 1/20*q**5 + x*q**2 + 0. Give o(3).
12
Let y(d) = 8*d**3 - 2*d**2 + d. Let v(q) = 39*q**3 - 22*q**2 + 29*q - 11. Let o(j) = v(j) - 5*y(j). Determine o(-14).
45
Let m(x) = x**2 - 7*x + 10. Suppose 2*w + 48 = 4*z, 4*w = -5*z + 6*w + 58. Let i(h) = 2*h - 15. Let v be i(z). What is m(v)?
0
Let v(w) = -482*w - 471*w + 5 - 464*w + 1440*w. Calculate v(-3).
-64
Let j = -4032 + 2797. Let q = -1226 - j. Let p(w) = -11*w**2 + 27*w - 2. Let l(y) = -7*y**2 + 18*y - 1. Let v(a) = 8*l(a) - 5*p(a). What is v(q)?
2
Suppose -2*d + 8 = 4*k, 5*k + 3*d - 2 = 6. Suppose 2*m - 40 = -k*p, 6*m - 3*m - 50 = -5*p. Let l(a) = -a + 6. Give l(p).
-4
Let i(u) = -3 - 57*u**2 - 4 + 60*u**2 + 20*u. Determine i(-7).
0
Let i(k) = -10*k**3 - 2*k**2 - 2*k - 1. Let r be i(-1). Let x = -13 + r. Let g(p) be the second derivative of -p**3/2 - p**2 - 1001*p. Give g(x).
10
Let b(u) = 4*u - 99. Let p = -33566 - -33588. Determine b(p).
-11
Let a(n) be the third derivative of n**5/60 - n**4/24 - n**3/3 - n**2 - 96*n. Determine a(3).
4
Let x(w) = w**3 + 2*w**2 + 3*w + 1. Suppose -3*m + 3 = 0, 0 = -5*g + 5*m + 64 + 21. Let j(s) = -8*s + 142. Let f be j(g). What is x(f)?
-5
Let o(w) = 93*w + 2317. Let b be o(-25). Let q(d) = -d**3 - 6*d**2 + 20*d + 10. Calculate q(b).
-22
Let y(h) = 0*h - 3*h + h + h - 2. Let v be y(-3). Let s(d) = 81*d + 82*d + 3 - 2*d**3 - 2 - 165*d - 6*d**3. Calculate s(v).
-9
Suppose 39*g - 34*g - 25 = 0. Let o(q) be the third derivative of -q**4/6 - q**2 - 60. What is o(g)?
-20
Let y be 11569/115 - (-6)/(-10). Let d = y - 93. Let a(k) = 6*k - d + 0*k - 8*k. Determine a(-8).
9
Suppose 0 = 10*l - 12*l - 4*n + 24, -2*l = -2*n + 6. Let t(p) = -3 - 5 + 7. Let o(s) = 4*s - 5. Let r(g) = -o(g) + 4*t(g). Give r(l).
-7
Let i(x) = -3481*x**3 + 3*x**2 - x + 0 - 5 + 3482*x**3 - 5*x. Let y = 18 + -21. Give i(y).
13
Let p(x) = x**2 + 3*x - 28. Let a be p(-15). Let w(l) = 2 - 4*l + 151*l**2 + 4 - a*l**2. Let u be 14/(-4)*(0 + 2). Give w(u).
-15
Let m(p) = -p**3 + 7*p**2 - 4*p - 2. Let w be m(2). Let t(f) = -11*f + 68. Let 